**3 - 1061*u + 7*u**2. Determine l(-6).
-7
Let b(p) = p. Let x = 97 + -110. Let u be (15 + x)*(-3)/(3/2). Determine b(u).
-4
Let q be 4*2/4 + -6. Let n(p) be the third derivative of p**6/120 + p**5/12 - p**4/8 - p**3 - 39*p**2 + 662. What is n(q)?
22
Let x(z) = z**2 - 10*z + 0*z - 2*z**2. Suppose w = n + 7, 5 = -4*n - 5*w - 50. Determine x(n).
0
Let w(m) = 3*m + 10. Suppose 5*z + 25 = -2*g, 5*z + 25 = -0*g - 5*g. Calculate w(g).
10
Let s(b) = -b + 60. Let w be 16/12*(-9)/30 - 2813/(-145). Determine s(w).
41
Let a = 1 - 4. Let p(i) = -281*i**2 + 70*i - 3. Let u(l) = 104*l**2 - 26*l + 1. Let c(d) = -10*p(d) - 27*u(d). Determine c(a).
15
Let m = -858 + 855. Let v(n) be the third derivative of -n**5/20 - n**4/8 + 2*n**3/3 - 4*n**2. Calculate v(m).
-14
Let r(q) = -8*q - 12 - 27 + 46 - 27 - 22. Determine r(-6).
6
Let d(w) be the second derivative of -13*w**3/6 + 2*w**2 + 1805*w - 2. Calculate d(1).
-9
Let l be (4 - 2) + 5 + 2. Let n(y) = 11*y + 3*y**3 - 3*y**3 + 2*y**3 + 10*y**2 + l - y**3. Suppose -15 = 3*c + 12. Calculate n(c).
-9
Let o be (-10)/(-8) - 13/52. Let g(f) = -7*f**2 - 7*f + 15. Let p(m) = m**2 - 1. Let l(s) = o*g(s) + 6*p(s). Let b = -12 - -5. Give l(b).
9
Let b be 4*(0 + (-4)/(-16)). Suppose 0 = -9*x + 5*x + 2*c + 14, 15 = -3*c. Let m(a) = -10*a**2 - 16*a**2 + 16*a**2 + x - 2*a. Give m(b).
-11
Let x(p) be the third derivative of p**5/15 - 7*p**4/4 + 3*p**3/2 + 8*p**2 - p + 122. Calculate x(10).
-11
Let a(b) be the first derivative of 4 + 3/2*b**2 + 13*b. What is a(-6)?
-5
Let r be ((-10)/4)/(1/2). Let s(f) be the third derivative of f**4/24 + f**3/3 + 144*f**2. Let t(h) = -h. Let q(m) = s(m) + 2*t(m). Give q(r).
7
Let k = 49 - -44. Let f = k - 91. Suppose -6 - f = -r. Let n(a) = a**2 - 9*a + 10. Calculate n(r).
2
Let d(m) = m**2 + 4*m. Let f(u) be the first derivative of 2*u**3/3 - u**2/2 - 3*u - 118. Let c = 2 + -2. Let q be f(c). Determine d(q).
-3
Let u(p) = -p**3 + 16*p**2 - p + 8. Let f be 4/(-6) - (-3 + 20/(-3)). Suppose -f*v - 23 = -167. Determine u(v).
-8
Let h = 115 + -111. Suppose 0 = 3*a + h*q - 17, 0*q - q + 5 = 0. Let b(l) = 6*l**3 - 2*l - 1. Give b(a).
-5
Let h(g) = -7*g + 1. Let p(n) = -3*n - 14. Let y be p(-4). Let d be (3 - 2)*0 - (0 + y). What is h(d)?
-13
Let l(a) be the first derivative of -2*a - 17. Let g(j) = -j. Let x(k) = -2*g(k) - l(k). What is x(6)?
14
Let m(l) = l**2 + 13*l + 1. Suppose -2*c = -33*t + 36*t + 11, 3*c = 3*t + 36. Give m(t).
-41
Suppose -k + 4 + 2 = 3*x, 0 = 3*k - 2*x - 18. Let d(v) = 4*v**2 - 5*v + 1. Let o(z) = 5*z**2 - 6*z + 2. Let n(q) = k*d(q) - 5*o(q). Calculate n(0).
-4
Let q be ((-20)/10 - -7) + -329. Let o be ((-1)/(-2))/((q/(-48))/(-27)). Let l(m) = 2*m + 9. Determine l(o).
5
Let i(a) = 2*a**2 + a - 4. Let n(h) = -h**2 + 7*h + 11. Let f be n(8). Suppose 2*s + f*s - 50 = 0. Let g be 34/s + (-10)/25. Give i(g).
17
Let p = -39 - -42. Let b(o) = o + 6. Let f(x) = 5*x + 21. Let v(s) = -4*b(s) + f(s). What is v(p)?
0
Suppose -f + 5*m + 4 = 3, -f + 3*m + 3 = 0. Let d(j) be the first derivative of j**2/2 - 8*j + 12. Give d(f).
-2
Let m(i) = 9*i**3 + 33*i**2 - 7*i - 3. Let r(f) = 9*f**3 + 22*f**2 - 5*f - 2. Let h(k) = -2*m(k) + 3*r(k). What is h(1)?
8
Let t(v) = -16 + 642*v**2 - 418*v**2 - 10*v + v**3 - 235*v**2. What is t(12)?
8
Suppose -2*q + g = -15, -13*q + 16 = -10*q + 5*g. Let y(l) be the first derivative of -l**3/3 + 3*l**2 - 8*l + 25. Give y(q).
-15
Let g(k) be the first derivative of -k**3/3 - 3*k**2 - 4*k + 35. Let h(m) = -m**2 - 20*m - 81. Let d be h(-15). What is g(d)?
-4
Let i(o) be the third derivative of -o**5/30 + o**3/6 - 8*o**2. Let m(a) = -4*a + 12. Let r be m(3). Let t be i(r). Let j(d) = -11*d. Determine j(t).
-11
Let x(n) be the third derivative of 0 - 1/6*n**4 + 5/6*n**3 + n**2 - 45*n. Calculate x(8).
-27
Let r be 1/((2 + -4)/10). Let l(m) = m**3 + 253*m**2 + 1. Let a(q) = 4*q**3 + 1136*q**2 - 2*q + 3. Let s(y) = -2*a(y) + 9*l(y). Give s(r).
-17
Let n(j) = j**2 - 2*j - 13. Let h = -8548 + 8543. What is n(h)?
22
Let z = 28 + -24. Suppose 0 = -z*q - r - 2*r + 30, 0 = 4*r + 8. Suppose 2*l - 5 + q = 0. Let p(v) = -4*v**2 + v + 2. Calculate p(l).
-16
Let g(l) = -l - 1. Let q be (-5)/2*-246*3/15. Let p = -123 + q. Calculate g(p).
-1
Let k(n) = n**3 - 2 - 4 + 4*n**2 + 2*n + 2 + 0*n**3. Let q(g) = -7*g - 18*g**2 - 13 - 2 + 10*g**2 + 7*g**2. Let f be q(-4). Calculate k(f).
-1
Let x(c) = 34*c - 31*c - 5 + 3. Let i(s) = -s. Let b(n) = 5*i(n) + 2*x(n). Calculate b(10).
6
Let g(p) = -p**2 + 7*p + 12. Let k(b) = b**3 - 9*b**2 - 10*b - 18. Let c be k(10). Let f be (-11)/(22/4)*c/4. Determine g(f).
-6
Let y(o) = -o + 1. Suppose 27 = -p - 4*l, -p = 4*l - 6*l + 39. Let r = -29 - p. Suppose -4*d + r*d = -14. Give y(d).
8
Let s(q) be the third derivative of q**6/120 - 11*q**5/60 + q**4/24 - 3*q**3/2 - 1084*q**2. Give s(11).
2
Let s = 138 - 134. Let m = -1 + 4. Let x(k) = -k**m + 5*k**3 - 3*k**3 - 5*k**2 + 3*k + 3. What is x(s)?
-1
Suppose 5*i + 12 = 9*i. Suppose -i*v = -5*v. Suppose 5*n + v = -25. Let t(d) = d**3 + 6*d**2 + 4*d + 5. Give t(n).
10
Let r = 52/9 - 413/72. Let w(y) be the third derivative of -1/6*y**3 + 9*y**2 + 0*y + 0 + r*y**4. Calculate w(-3).
-4
Let k(t) = 4*t**2 - 321*t + 79. Let h be k(80). Let v(w) = -16*w**2. Give v(h).
-16
Let p(o) = -o**3 - o**2 - 3*o - 11. Suppose -3*l + 2 = -4*x + 16, 4*x - 10 = l. Let n be p(l). Let f(r) = -21*r**3 - r**2. What is f(n)?
20
Let d be (-12)/(-20) + (-81)/(-15). Let w(l) be the second derivative of -l**3/3 + l**2 + 2*l + 229. Calculate w(d).
-10
Let z(j) be the first derivative of 7/3*j**3 - 23*j + 11/2*j**2 + 5. Let v(g) = -3*g**2 - 6*g + 11. Let p(u) = -9*v(u) - 4*z(u). What is p(6)?
17
Let c(r) = r**3 - 5*r**2 + 11*r - 1. Let d be 8 + -16 + 1 - -14 - 5. What is c(d)?
9
Suppose -17*i = m - 12*i - 21, 3*m + 9 = -3*i. Let l(p) = -p**3 - 8*p**2 + 9*p + 9. What is l(m)?
9
Let g(d) = -10*d**2 + d + 1. Suppose 0 = -43*n - 993 - 1415. Let x be (-14)/(n/(-36)) + 8. Give g(x).
-10
Let w(c) = -c**3 + 6*c**2 - 8. Let u(d) be the first derivative of -d**3/3 - 15*d**2/2 + 82*d - 80. Let l be u(4). What is w(l)?
-8
Let u(p) = 9*p + 1. Let w(n) = -22*n + 2. Let c(i) = 4*u(i) + w(i). Determine c(0).
6
Let f be 12/2 + (56/(-1))/(-14). Let q(w) = -w**3 + 10*w**2 + w - 32. Give q(f).
-22
Let p(b) = -b**3 - 6*b**2 + 17. Let c be p(-7). Suppose -35*z + 41*z = c. Let y(n) = n**3 - 10*n**2 - 11*n - 11. Give y(z).
-11
Suppose 32*s = -8*s + 80. Let g(z) = 3*z**3 - 13 - 2*z**2 - 2*z + 4*z + 15. Determine g(s).
22
Let z be -3 - (4/(-4) - 2). Let v(d) = -d + 2 - d - 4*d**2 + 0*d - d**3 + z*d. Let s = -552 - -548. Calculate v(s).
10
Suppose 11 = 3*h - 28. Let w(x) = -13*x**3 - 18*x**2 + 28*x + 31. Let t(j) = 18*j**3 + 23*j**2 - 37*j - 41. Let q(f) = 8*t(f) + 11*w(f). Determine q(h).
0
Let z(d) be the third derivative of -d**6/120 + d**5/30 + 19*d**4/6 + 5*d**2 - 1. Let a(y) be the second derivative of z(y). Give a(-4).
28
Let r(p) = p**2 + 17*p + 30. Let a be r(-15). Let b be (-1 - a) + 5 + -1. Let f(s) = 12*s - 4 - 7*s + b - 7*s. Calculate f(-2).
3
Let q(s) = -7*s**2 - 10*s - 10. Let u(i) = -8*i**2 - 12*i - 6. Let x(d) = 9*q(d) - 8*u(d). Give x(-11).
13
Let w(d) = 3*d**2 - d - 3. Suppose -50*u + 49*u = -20. Let l be 8/u + 160/100. Give w(l).
7
Let k(x) = -4*x + 1. Let w = -327 + 336. Suppose 40 + 14 = -w*p. Give k(p).
25
Let p(o) = -o**2 + 4*o. Let d be p(3). Let i = 46 - 44. Let x(b) = -7 + 2*b**i + b + 22 - 6 - b**3 - 6. What is x(d)?
-3
Let m(u) = -u**3 - 5*u**2 - 2*u + 1. Let p be -2 + 158 + 1 + (-12)/2. Let a = -155 + p. Determine m(a).
-7
Let p(t) = 16 - 24 + 30*t + 3*t**2 - 27*t. Let l(u) = -17*u**2 - 16*u + 40. Let z(g) = -2*l(g) - 11*p(g). Determine z(-6).
50
Let r(c) = -9 - 6 + 85*c**2 + 97*c**2 - 183*c**2. Calculate r(0).
-15
Let b(y) = -3*y**3 - 6*y**2 + 4. Let a = 799 - 801. Give b(a).
4
Let b(l) = 20*l**2 + 14*l + 20. Let i = -75 + 142. Let f = i - 73. Let w(n) = 7*n**2 + 5*n + 7. Let r(k) = f*b(k) + 17*w(k). Give r(-2).
-7
Let f(o) be the second derivative of o**4/12 - 5*o**3/6 - 3*o**2/2 - 1119*o. What is f(5)?
-3
Let m(q) = -2*q**3 - 3*q**2 - 12*q + 120. Let c(f) = f**3 - 2*f - 20. Let t(o) = -4*c(o) - m(o). Give t(2).
-4
Let l(m) = -m**2 - 7*m + 2. Let w be (4/(-24)*-3)/((-14)/336). Let o be w - 15/((-60)/8). What is l(o)?
-28
Let i(v) = 